est common factor of 2177232 and 201.
201
What is the greatest common divisor of 783 and 14553?
27
What is the greatest common factor of 4845 and 26265?
255
What is the greatest common factor of 806 and 12493?
403
Calculate the greatest common divisor of 4588 and 186.
62
What is the greatest common divisor of 16428 and 666?
222
Calculate the highest common factor of 8468 and 319.
29
Calculate the greatest common factor of 33909 and 7239.
381
Calculate the highest common factor of 1325 and 159530.
265
What is the greatest common divisor of 864 and 456?
24
Calculate the highest common factor of 390 and 239655.
195
Calculate the highest common factor of 1175 and 94.
47
Calculate the greatest common factor of 78 and 336.
6
What is the greatest common divisor of 39636 and 534?
6
What is the greatest common factor of 11 and 185163?
11
Calculate the highest common factor of 618645 and 45.
15
Calculate the greatest common factor of 1246 and 1498.
14
Calculate the greatest common divisor of 32656 and 52.
52
What is the greatest common divisor of 12 and 6848?
4
Calculate the greatest common divisor of 240 and 1660080.
240
Calculate the highest common divisor of 62 and 25699.
31
Calculate the highest common divisor of 1339 and 1751.
103
Calculate the greatest common factor of 403 and 2119.
13
Calculate the highest common divisor of 10287 and 68707.
127
What is the greatest common divisor of 989 and 43?
43
What is the greatest common factor of 32900 and 7588?
28
What is the greatest common divisor of 59913 and 945?
189
What is the highest common factor of 40 and 22900?
20
What is the highest common divisor of 140 and 104840?
20
What is the greatest common factor of 11271492 and 4?
4
What is the greatest common factor of 1495 and 157?
1
What is the greatest common factor of 145189 and 197?
197
What is the highest common divisor of 10 and 20695?
5
Calculate the greatest common divisor of 46984 and 84.
28
Calculate the highest common factor of 6800 and 19176.
136
What is the highest common divisor of 63 and 894075?
21
Calculate the greatest common factor of 72 and 30768.
24
What is the highest common factor of 528963 and 9?
3
What is the highest common divisor of 1199172 and 1404?
156
Calculate the highest common factor of 3519 and 16031.
391
Calculate the greatest common divisor of 21 and 8043.
21
What is the greatest common factor of 448 and 57344?
448
What is the highest common factor of 999703 and 6068?
1517
What is the highest common factor of 6754 and 115432?
614
Calculate the greatest common factor of 593311 and 116.
29
What is the greatest common divisor of 14481 and 18?
9
Calculate the highest common factor of 8 and 7899.
1
What is the greatest common divisor of 35 and 38815?
35
What is the greatest common divisor of 24642 and 882?
18
Calculate the highest common factor of 14200 and 11076.
284
Calculate the highest common divisor of 185 and 33155.
5
Calculate the highest common divisor of 15 and 3827685.
15
Calculate the greatest common factor of 1819 and 391.
17
Calculate the highest common factor of 2850 and 209760.
570
Calculate the greatest common divisor of 12 and 1411788.
12
Calculate the greatest common factor of 185 and 4261475.
185
Calculate the highest common divisor of 8312 and 544.
8
What is the highest common divisor of 1504 and 2848?
32
What is the greatest common factor of 44098 and 102?
34
Calculate the highest common divisor of 30 and 5650.
10
What is the highest common factor of 423 and 67539?
141
What is the highest common divisor of 85 and 1847645?
85
What is the highest common factor of 192 and 3048?
24
Calculate the highest common divisor of 46768 and 13616.
592
What is the greatest common factor of 3888 and 72?
72
What is the greatest common factor of 544 and 1536?
32
Calculate the highest common divisor of 1824 and 34200.
456
What is the greatest common factor of 32162 and 11102?
26
What is the greatest common factor of 27873 and 684?
171
Calculate the highest common factor of 588 and 427084.
196
What is the highest common factor of 43521 and 14181?
489
What is the greatest common divisor of 260 and 705185?
65
What is the greatest common divisor of 194 and 156461?
97
What is the greatest common factor of 88 and 2664310?
22
Calculate the highest common factor of 116352 and 216.
72
Calculate the highest common factor of 1139 and 4422.
67
What is the greatest common factor of 420 and 847245?
105
Calculate the highest common divisor of 10 and 366635.
5
Calculate the greatest common divisor of 357 and 3864.
21
Calculate the greatest common divisor of 1465 and 46001.
293
What is the highest common factor of 569473 and 807?
269
Calculate the greatest common factor of 20595 and 570.
15
Calculate the highest common divisor of 10 and 4002150.
10
Calculate the greatest common factor of 19274 and 56146.
838
What is the highest common divisor of 5412 and 16896?
132
What is the highest common factor of 44969 and 7456?
233
Calculate the highest common divisor of 8 and 894840.
8
What is the greatest common divisor of 150360 and 7224?
168
What is the highest common factor of 2623 and 35624?
61
Calculate the greatest common divisor of 132 and 92172.
12
What is the greatest common factor of 217322 and 19133?
361
Calculate the highest common divisor of 27 and 1021.
1
What is the greatest common factor of 130942 and 4277?
329
What is the greatest common factor of 380 and 12560?
20
What is the greatest common divisor of 3024 and 106904?
56
Calculate the greatest common divisor of 1342 and 224202.
22
What is the greatest common divisor of 276 and 3540?
12
What is the highest common divisor of 5548931 and 809?
809
What is the highest common factor of 1027 and 88296?
13
Calculate the highest common divisor of 6880 and 10536.
8
Calculate the highest common factor of 7367 and 32526.
139
What is the greatest common factor of 3112 and 776?
8
Calculate the greatest common factor of 462 and 3102.
66
Calculate the greatest common divisor of 1183 and 949.
13
What is the highest common divisor of 232 and 70424?
8
What is the highest common divisor of 7 and 50113?
7
Calculate the highest common divisor of 17821 and 1136.
71
Calculate the greatest common factor of 275816 and 184.
184
What is the highest common divisor of 10 and 35170?
10
Calculate the highest common factor of 10972 and 1040.
52
What is the greatest common divisor of 70976 and 7?
1
Calculate the greatest common divisor of 4572 and 92583.
1143
What is the greatest common divisor of 78 and 1457937?
39
Calculate the highest common divisor of 251818 and 84.
14
What is the greatest common factor of 51 and 19023?
51
Calculate the greatest common factor of 23965280 and 1483.
1483
Calculate the greatest common divisor of 8 and 2367240.
8
What is the highest common factor of 3618 and 459?
27
Calculate the greatest common divisor of 36763 and 6064.
379
What is the highest common divisor of 1863 and 537786?
621
Calculate the greatest common divisor of 144 and 33968.
16
Calculate the highest common factor of 186 and 2046.
186
What is the greatest common divisor of 5461 and 51181?
127
Calculate the greatest common factor of 1296 and 46170.
162
Calculate the greatest common factor of 13784 and 144.
8
What is the greatest common factor of 140 and 22690?
10
What is the greatest common factor of 3 and 795579?
3
What is the highest common factor of 277700 and 200?
100
What is the highest common factor of 15 and 96765?
15
What is the highest common factor of 64416 and 1122?
66
Calculate the greatest common factor of 194416 and 232.
232
What is the greatest common divisor of 1404094 and 502?
502
What is the highest common factor of 52882 and 2192?
274
What is the greatest common factor of 2486211 and 2548?
637
Calculate the highest common divisor of 14183 and 793.
13
What is the greatest common divisor of 4937757 and 132?
33
What is the greatest common factor of 121339 and 4047?
71
Calculate the greatest common divisor of 325 and 565825.
325
What is the greatest common divisor of 59440 and 160?
80
Calculate the highest common divisor of 313441 and 62.
31
Calculate the highest common factor of 37835 and 109480.
805
Calculate the greatest common factor of 95084 and 396.
44
Calculate the highest common factor of 